{"id":95,"date":"2023-10-12T18:21:14","date_gmt":"2023-10-12T18:21:14","guid":{"rendered":"https:\/\/eei-ks.org\/?page_id=95"},"modified":"2023-10-12T18:31:49","modified_gmt":"2023-10-12T18:31:49","slug":"information","status":"publish","type":"page","link":"https:\/\/eei-ks.org\/?page_id=95","title":{"rendered":"Information"},"content":{"rendered":"\n\n\n<div class=\"pt-cv-wrapper\"><div class=\"pt-cv-view pt-cv-grid pt-cv-colsys\" id=\"pt-cv-view-bf650882o0\"><div data-id=\"pt-cv-page-1\" class=\"pt-cv-page\" data-cvc=\"2\"><div class=\"col-md-6 col-sm-6 col-xs-12 pt-cv-content-item pt-cv-1-col\" ><div class='pt-cv-ifield'><a href=\"https:\/\/eei-ks.org\/?p=570\" class=\"_self pt-cv-href-thumbnail pt-cv-thumb-default\" target=\"_self\" ><img loading=\"lazy\" decoding=\"async\" width=\"300\" height=\"225\" src=\"https:\/\/eei-ks.org\/wp-content\/uploads\/2026\/04\/2222-300x225.jpg\" class=\"pt-cv-thumbnail\" alt=\"\" srcset=\"https:\/\/eei-ks.org\/wp-content\/uploads\/2026\/04\/2222-300x225.jpg 300w, https:\/\/eei-ks.org\/wp-content\/uploads\/2026\/04\/2222-1024x768.jpg 1024w, https:\/\/eei-ks.org\/wp-content\/uploads\/2026\/04\/2222-768x576.jpg 768w, https:\/\/eei-ks.org\/wp-content\/uploads\/2026\/04\/2222.jpg 1280w\" sizes=\"auto, (max-width: 300px) 100vw, 300px\" \/><\/a>\n<h4 class=\"pt-cv-title\"><a href=\"https:\/\/eei-ks.org\/?p=570\" class=\"_self\" target=\"_self\" >P\u00ebrfundon me sukses programi \u201cTraining of Trainers\u201d p\u00ebr Edukimin Mediatik<\/a><\/h4>\n<div class=\"pt-cv-content\">Programi \u201cTraining of Trainers\u201d p\u00ebr Edukimin Mediatik, me Dr. Lauri Palsa si trajner t\u00eb programit, p\u00ebrfundoi me sukses. Tre an\u00ebtar\u00eb ...<br \/><div class=\"pt-cv-rmwrap\"><a href=\"https:\/\/eei-ks.org\/?p=570\" class=\"_self pt-cv-readmore btn btn-success\" target=\"_self\">Read More<\/a><\/div><\/div><\/div><\/div>\n<div class=\"col-md-6 col-sm-6 col-xs-12 pt-cv-content-item pt-cv-1-col\" ><div class='pt-cv-ifield'><a href=\"https:\/\/eei-ks.org\/?p=541\" class=\"_self pt-cv-href-thumbnail pt-cv-thumb-default\" target=\"_self\" ><img loading=\"lazy\" decoding=\"async\" width=\"300\" height=\"294\" src=\"https:\/\/eei-ks.org\/wp-content\/uploads\/2026\/04\/999-300x294.jpg\" class=\"pt-cv-thumbnail\" alt=\"\" srcset=\"https:\/\/eei-ks.org\/wp-content\/uploads\/2026\/04\/999-300x294.jpg 300w, https:\/\/eei-ks.org\/wp-content\/uploads\/2026\/04\/999-1024x1003.jpg 1024w, https:\/\/eei-ks.org\/wp-content\/uploads\/2026\/04\/999-768x752.jpg 768w, https:\/\/eei-ks.org\/wp-content\/uploads\/2026\/04\/999.jpg 1080w\" sizes=\"auto, (max-width: 300px) 100vw, 300px\" \/><\/a>\n<h4 class=\"pt-cv-title\"><a href=\"https:\/\/eei-ks.org\/?p=541\" class=\"_self\" target=\"_self\" >G\u00ebzuar 2026!<\/a><\/h4>\n<div class=\"pt-cv-content\">Me mir\u00ebnjohje e p\u00ebrmbyllim vitin 2025. Faleminderit t\u00eb gjith\u00eb bashk\u00ebpun\u00ebtor\u00ebve, komunave dhe partner\u00ebve strategjik\u00eb p\u00ebr mb\u00ebshtetjen dhe besimin n\u00eb misionin ...<br \/><div class=\"pt-cv-rmwrap\"><a href=\"https:\/\/eei-ks.org\/?p=541\" class=\"_self pt-cv-readmore btn btn-success\" target=\"_self\">Read More<\/a><\/div><\/div><\/div><\/div>\n<div class=\"col-md-6 col-sm-6 col-xs-12 pt-cv-content-item pt-cv-1-col\" ><div class='pt-cv-ifield'><a href=\"https:\/\/eei-ks.org\/?p=556\" class=\"_self pt-cv-href-thumbnail pt-cv-thumb-default\" target=\"_self\" ><img loading=\"lazy\" decoding=\"async\" width=\"300\" height=\"225\" src=\"https:\/\/eei-ks.org\/wp-content\/uploads\/2026\/04\/88881-300x225.jpg\" class=\"pt-cv-thumbnail\" alt=\"\" srcset=\"https:\/\/eei-ks.org\/wp-content\/uploads\/2026\/04\/88881-300x225.jpg 300w, https:\/\/eei-ks.org\/wp-content\/uploads\/2026\/04\/88881-1024x768.jpg 1024w, https:\/\/eei-ks.org\/wp-content\/uploads\/2026\/04\/88881-768x576.jpg 768w, https:\/\/eei-ks.org\/wp-content\/uploads\/2026\/04\/88881-1536x1152.jpg 1536w, https:\/\/eei-ks.org\/wp-content\/uploads\/2026\/04\/88881.jpg 2048w\" sizes=\"auto, (max-width: 300px) 100vw, 300px\" \/><\/a>\n<h4 class=\"pt-cv-title\"><a href=\"https:\/\/eei-ks.org\/?p=556\" class=\"_self\" target=\"_self\" >Marr\u00ebveshje p\u00ebr sjelljen e ekspertiz\u00ebs nordike n\u00eb arsimin e Kosov\u00ebs<\/a><\/h4>\n<div class=\"pt-cv-content\">Kjo marr\u00ebveshje sh\u00ebnon nj\u00eb hap t\u00eb r\u00ebnd\u00ebsish\u00ebm p\u00ebr sjelljen e ekspertiz\u00ebs nordike n\u00eb shkollat tona dhe fuqizimin e t\u00eb rinjve ...<br \/><div class=\"pt-cv-rmwrap\"><a href=\"https:\/\/eei-ks.org\/?p=556\" class=\"_self pt-cv-readmore btn btn-success\" target=\"_self\">Read More<\/a><\/div><\/div><\/div><\/div>\n<div class=\"col-md-6 col-sm-6 col-xs-12 pt-cv-content-item pt-cv-1-col\" ><div class='pt-cv-ifield'><a href=\"https:\/\/eei-ks.org\/?p=540\" class=\"_self pt-cv-href-thumbnail pt-cv-thumb-default\" target=\"_self\" ><img loading=\"lazy\" decoding=\"async\" width=\"300\" height=\"200\" src=\"https:\/\/eei-ks.org\/wp-content\/uploads\/2025\/07\/511154826_122228759942040198_7532482066528935406_n-300x200.jpg\" class=\"pt-cv-thumbnail\" alt=\"\" srcset=\"https:\/\/eei-ks.org\/wp-content\/uploads\/2025\/07\/511154826_122228759942040198_7532482066528935406_n-300x200.jpg 300w, https:\/\/eei-ks.org\/wp-content\/uploads\/2025\/07\/511154826_122228759942040198_7532482066528935406_n-1024x683.jpg 1024w, https:\/\/eei-ks.org\/wp-content\/uploads\/2025\/07\/511154826_122228759942040198_7532482066528935406_n-768x512.jpg 768w, https:\/\/eei-ks.org\/wp-content\/uploads\/2025\/07\/511154826_122228759942040198_7532482066528935406_n-1536x1024.jpg 1536w, https:\/\/eei-ks.org\/wp-content\/uploads\/2025\/07\/511154826_122228759942040198_7532482066528935406_n.jpg 2048w\" sizes=\"auto, (max-width: 300px) 100vw, 300px\" \/><\/a>\n<h4 class=\"pt-cv-title\"><a href=\"https:\/\/eei-ks.org\/?p=540\" class=\"_self\" target=\"_self\" >Siguria digjitale e t\u00eb rinjve: Koha p\u00ebr veprim edhe n\u00eb Kosov\u00eb<\/a><\/h4>\n<div class=\"pt-cv-content\">Ngjarjet e fundit n\u00eb Kosov\u00eb, ku f\u00ebmij\u00ebt jan\u00eb t\u00eb ekspozuar ndaj rreziqeve t\u00eb mediave sociale, tregojn\u00eb se siguria digjitale po ...<br \/><div class=\"pt-cv-rmwrap\"><a href=\"https:\/\/eei-ks.org\/?p=540\" class=\"_self pt-cv-readmore btn btn-success\" target=\"_self\">Read More<\/a><\/div><\/div><\/div><\/div>\n<div class=\"col-md-6 col-sm-6 col-xs-12 pt-cv-content-item pt-cv-1-col\" ><div class='pt-cv-ifield'><a href=\"https:\/\/eei-ks.org\/?p=521\" class=\"_self pt-cv-href-thumbnail pt-cv-thumb-default\" target=\"_self\" ><img loading=\"lazy\" decoding=\"async\" width=\"225\" height=\"300\" src=\"https:\/\/eei-ks.org\/wp-content\/uploads\/2026\/04\/3333-225x300.jpg\" class=\"pt-cv-thumbnail\" alt=\"\" srcset=\"https:\/\/eei-ks.org\/wp-content\/uploads\/2026\/04\/3333-225x300.jpg 225w, https:\/\/eei-ks.org\/wp-content\/uploads\/2026\/04\/3333-768x1024.jpg 768w, https:\/\/eei-ks.org\/wp-content\/uploads\/2026\/04\/3333-1152x1536.jpg 1152w, https:\/\/eei-ks.org\/wp-content\/uploads\/2026\/04\/3333.jpg 1200w\" sizes=\"auto, (max-width: 225px) 100vw, 225px\" \/><\/a>\n<h4 class=\"pt-cv-title\"><a href=\"https:\/\/eei-ks.org\/?p=521\" class=\"_self\" target=\"_self\" >Dje pat\u00ebm k\u00ebnaq\u00ebsin\u00eb t\u00eb ishim pjes\u00eb e eventit lamtumir\u00ebs p\u00ebr Ambasadorin e Finland\u00ebs, z. Matti Nissinen.<\/a><\/h4>\n<div class=\"pt-cv-content\">Education Empowerment Initiative (EEI) shpreh mir\u00ebnjohjen e saj p\u00ebr Ambasadorin Nissinen p\u00ebr mb\u00ebshtetjen dhe bashk\u00ebpunimin n\u00eb kauzat tona n\u00eb fush\u00ebn ...<br \/><div class=\"pt-cv-rmwrap\"><a href=\"https:\/\/eei-ks.org\/?p=521\" class=\"_self pt-cv-readmore btn btn-success\" target=\"_self\">Read More<\/a><\/div><\/div><\/div><\/div>\n<div class=\"col-md-6 col-sm-6 col-xs-12 pt-cv-content-item pt-cv-1-col\" ><div class='pt-cv-ifield'><a href=\"https:\/\/eei-ks.org\/?p=444\" class=\"_self pt-cv-href-thumbnail pt-cv-thumb-default\" target=\"_self\" ><img loading=\"lazy\" decoding=\"async\" width=\"300\" height=\"154\" src=\"https:\/\/eei-ks.org\/wp-content\/uploads\/2025\/03\/eeirtk-300x154.jpg\" class=\"pt-cv-thumbnail\" alt=\"\" srcset=\"https:\/\/eei-ks.org\/wp-content\/uploads\/2025\/03\/eeirtk-300x154.jpg 300w, https:\/\/eei-ks.org\/wp-content\/uploads\/2025\/03\/eeirtk-1024x527.jpg 1024w, https:\/\/eei-ks.org\/wp-content\/uploads\/2025\/03\/eeirtk-768x395.jpg 768w, https:\/\/eei-ks.org\/wp-content\/uploads\/2025\/03\/eeirtk-1536x790.jpg 1536w, https:\/\/eei-ks.org\/wp-content\/uploads\/2025\/03\/eeirtk.jpg 1902w\" sizes=\"auto, (max-width: 300px) 100vw, 300px\" \/><\/a>\n<h4 class=\"pt-cv-title\"><a href=\"https:\/\/eei-ks.org\/?p=444\" class=\"_self\" target=\"_self\" >Intervista e fundit n\u00eb Radio Televizionin e Kosov\u00ebs (RTK) me p\u00ebrfaq\u00ebsueset e EEI-s\u00eb lidhur me projektin \u201cShkollat pa Vape \u2013 Siguria n\u00eb Shkolla\u201d<\/a><\/h4>\n<div class=\"pt-cv-content\">N\u00eb k\u00ebt\u00eb intervist\u00eb diskutuam mbi rreziqet q\u00eb sjell p\u00ebrdorimi i vape-ve te nx\u00ebn\u00ebsit dhe nevoj\u00ebn urgjente p\u00ebr masa parandaluese n\u00eb ...<br \/><div class=\"pt-cv-rmwrap\"><a href=\"https:\/\/eei-ks.org\/?p=444\" class=\"_self pt-cv-readmore btn btn-success\" target=\"_self\">Read More<\/a><\/div><\/div><\/div><\/div>\n<div class=\"col-md-6 col-sm-6 col-xs-12 pt-cv-content-item pt-cv-1-col\" ><div class='pt-cv-ifield'><a href=\"https:\/\/eei-ks.org\/?p=426\" class=\"_self pt-cv-href-thumbnail pt-cv-thumb-default\" target=\"_self\" ><img loading=\"lazy\" decoding=\"async\" width=\"300\" height=\"225\" src=\"https:\/\/eei-ks.org\/wp-content\/uploads\/2025\/02\/475995851_122204928110040198_3225464208538540100_n-300x225.jpg\" class=\"pt-cv-thumbnail\" alt=\"\" srcset=\"https:\/\/eei-ks.org\/wp-content\/uploads\/2025\/02\/475995851_122204928110040198_3225464208538540100_n-300x225.jpg 300w, https:\/\/eei-ks.org\/wp-content\/uploads\/2025\/02\/475995851_122204928110040198_3225464208538540100_n-1024x768.jpg 1024w, https:\/\/eei-ks.org\/wp-content\/uploads\/2025\/02\/475995851_122204928110040198_3225464208538540100_n-768x576.jpg 768w, https:\/\/eei-ks.org\/wp-content\/uploads\/2025\/02\/475995851_122204928110040198_3225464208538540100_n-1536x1152.jpg 1536w, https:\/\/eei-ks.org\/wp-content\/uploads\/2025\/02\/475995851_122204928110040198_3225464208538540100_n.jpg 1600w\" sizes=\"auto, (max-width: 300px) 100vw, 300px\" \/><\/a>\n<h4 class=\"pt-cv-title\"><a href=\"https:\/\/eei-ks.org\/?p=426\" class=\"_self\" target=\"_self\" >EEI, me p\u00ebrfaq\u00ebsuesit e saj, ishte pjes\u00eb e nj\u00eb platforme t\u00eb r\u00ebnd\u00ebsishme rajonale!<\/a><\/h4>\n<div class=\"pt-cv-content\">ENG Below EEI, me p\u00ebrfaq\u00ebsuesit e saj, ishte pjes\u00eb e nj\u00eb platforme t\u00eb r\u00ebnd\u00ebsishme rajonale! N\u00eb workshop-in \"Youth Engagement, Inclusion ...<br \/><div class=\"pt-cv-rmwrap\"><a href=\"https:\/\/eei-ks.org\/?p=426\" class=\"_self pt-cv-readmore btn btn-success\" target=\"_self\">Read More<\/a><\/div><\/div><\/div><\/div>\n<div class=\"col-md-6 col-sm-6 col-xs-12 pt-cv-content-item pt-cv-1-col\" ><div class='pt-cv-ifield'><a href=\"https:\/\/eei-ks.org\/?p=420\" class=\"_self pt-cv-href-thumbnail pt-cv-thumb-default\" target=\"_self\" ><img loading=\"lazy\" decoding=\"async\" width=\"300\" height=\"264\" src=\"https:\/\/eei-ks.org\/wp-content\/uploads\/2024\/12\/470036037_122196344540040198_7857532853663579066_n-300x264.jpg\" class=\"pt-cv-thumbnail\" alt=\"\" srcset=\"https:\/\/eei-ks.org\/wp-content\/uploads\/2024\/12\/470036037_122196344540040198_7857532853663579066_n-300x264.jpg 300w, https:\/\/eei-ks.org\/wp-content\/uploads\/2024\/12\/470036037_122196344540040198_7857532853663579066_n-1024x902.jpg 1024w, https:\/\/eei-ks.org\/wp-content\/uploads\/2024\/12\/470036037_122196344540040198_7857532853663579066_n-768x676.jpg 768w, https:\/\/eei-ks.org\/wp-content\/uploads\/2024\/12\/470036037_122196344540040198_7857532853663579066_n.jpg 1090w\" sizes=\"auto, (max-width: 300px) 100vw, 300px\" \/><\/a>\n<h4 class=\"pt-cv-title\"><a href=\"https:\/\/eei-ks.org\/?p=420\" class=\"_self\" target=\"_self\" >P\u00ebrfaq\u00ebsuesit e Education Empowerment Initiative (EEI) mor\u00ebn pjes\u00eb n\u00eb pun\u00ebtorin\u00eb mbi Project Cycle Management<\/a><\/h4>\n<div class=\"pt-cv-content\">P\u00ebrfaq\u00ebsuesit e Education Empowerment Initiative (EEI) mor\u00ebn pjes\u00eb n\u00eb pun\u00ebtorin\u00eb mbi Project Cycle Management, organizuar n\u00eb Tiran\u00eb nga Center for ...<br \/><div class=\"pt-cv-rmwrap\"><a href=\"https:\/\/eei-ks.org\/?p=420\" class=\"_self pt-cv-readmore btn btn-success\" target=\"_self\">Read More<\/a><\/div><\/div><\/div><\/div><\/div><\/div><\/div>\n\n\n","protected":false},"excerpt":{"rendered":"","protected":false},"author":1,"featured_media":0,"parent":0,"menu_order":0,"comment_status":"closed","ping_status":"closed","template":"","meta":{"pagelayer_contact_templates":[],"_pagelayer_content":"","footnotes":""},"class_list":["post-95","page","type-page","status-publish","hentry"],"yoast_head":"<!-- This site is optimized with the Yoast SEO plugin v27.6 - https:\/\/yoast.com\/product\/yoast-seo-wordpress\/ -->\n<title>Information - EEI - Education Empowerment Initiative<\/title>\n<meta name=\"robots\" content=\"index, follow, max-snippet:-1, max-image-preview:large, max-video-preview:-1\" \/>\n<link rel=\"canonical\" href=\"https:\/\/eei-ks.org\/?page_id=95\" \/>\n<meta property=\"og:locale\" content=\"en_US\" \/>\n<meta property=\"og:type\" content=\"article\" \/>\n<meta property=\"og:title\" content=\"Information - EEI - Education Empowerment Initiative\" \/>\n<meta property=\"og:url\" content=\"https:\/\/eei-ks.org\/?page_id=95\" \/>\n<meta property=\"og:site_name\" content=\"EEI - Education Empowerment Initiative\" \/>\n<meta property=\"article:modified_time\" content=\"2023-10-12T18:31:49+00:00\" \/>\n<meta name=\"twitter:card\" content=\"summary_large_image\" \/>\n<script type=\"application\/ld+json\" class=\"yoast-schema-graph\">{\"@context\":\"https:\\\/\\\/schema.org\",\"@graph\":[{\"@type\":\"WebPage\",\"@id\":\"https:\\\/\\\/eei-ks.org\\\/?page_id=95\",\"url\":\"https:\\\/\\\/eei-ks.org\\\/?page_id=95\",\"name\":\"Information - EEI - Education Empowerment Initiative\",\"isPartOf\":{\"@id\":\"https:\\\/\\\/eei-ks.org\\\/#website\"},\"datePublished\":\"2023-10-12T18:21:14+00:00\",\"dateModified\":\"2023-10-12T18:31:49+00:00\",\"breadcrumb\":{\"@id\":\"https:\\\/\\\/eei-ks.org\\\/?page_id=95#breadcrumb\"},\"inLanguage\":\"en-US\",\"potentialAction\":[{\"@type\":\"ReadAction\",\"target\":[\"https:\\\/\\\/eei-ks.org\\\/?page_id=95\"]}]},{\"@type\":\"BreadcrumbList\",\"@id\":\"https:\\\/\\\/eei-ks.org\\\/?page_id=95#breadcrumb\",\"itemListElement\":[{\"@type\":\"ListItem\",\"position\":1,\"name\":\"Home\",\"item\":\"https:\\\/\\\/eei-ks.org\\\/\"},{\"@type\":\"ListItem\",\"position\":2,\"name\":\"Information\"}]},{\"@type\":\"WebSite\",\"@id\":\"https:\\\/\\\/eei-ks.org\\\/#website\",\"url\":\"https:\\\/\\\/eei-ks.org\\\/\",\"name\":\"EEI - Education Empowerment Initiative\",\"description\":\"\",\"potentialAction\":[{\"@type\":\"SearchAction\",\"target\":{\"@type\":\"EntryPoint\",\"urlTemplate\":\"https:\\\/\\\/eei-ks.org\\\/?s={search_term_string}\"},\"query-input\":{\"@type\":\"PropertyValueSpecification\",\"valueRequired\":true,\"valueName\":\"search_term_string\"}}],\"inLanguage\":\"en-US\"}]}<\/script>\n<!-- \/ Yoast SEO plugin. -->","yoast_head_json":{"title":"Information - EEI - Education Empowerment Initiative","robots":{"index":"index","follow":"follow","max-snippet":"max-snippet:-1","max-image-preview":"max-image-preview:large","max-video-preview":"max-video-preview:-1"},"canonical":"https:\/\/eei-ks.org\/?page_id=95","og_locale":"en_US","og_type":"article","og_title":"Information - EEI - Education Empowerment Initiative","og_url":"https:\/\/eei-ks.org\/?page_id=95","og_site_name":"EEI - Education Empowerment Initiative","article_modified_time":"2023-10-12T18:31:49+00:00","twitter_card":"summary_large_image","schema":{"@context":"https:\/\/schema.org","@graph":[{"@type":"WebPage","@id":"https:\/\/eei-ks.org\/?page_id=95","url":"https:\/\/eei-ks.org\/?page_id=95","name":"Information - EEI - Education Empowerment Initiative","isPartOf":{"@id":"https:\/\/eei-ks.org\/#website"},"datePublished":"2023-10-12T18:21:14+00:00","dateModified":"2023-10-12T18:31:49+00:00","breadcrumb":{"@id":"https:\/\/eei-ks.org\/?page_id=95#breadcrumb"},"inLanguage":"en-US","potentialAction":[{"@type":"ReadAction","target":["https:\/\/eei-ks.org\/?page_id=95"]}]},{"@type":"BreadcrumbList","@id":"https:\/\/eei-ks.org\/?page_id=95#breadcrumb","itemListElement":[{"@type":"ListItem","position":1,"name":"Home","item":"https:\/\/eei-ks.org\/"},{"@type":"ListItem","position":2,"name":"Information"}]},{"@type":"WebSite","@id":"https:\/\/eei-ks.org\/#website","url":"https:\/\/eei-ks.org\/","name":"EEI - Education Empowerment Initiative","description":"","potentialAction":[{"@type":"SearchAction","target":{"@type":"EntryPoint","urlTemplate":"https:\/\/eei-ks.org\/?s={search_term_string}"},"query-input":{"@type":"PropertyValueSpecification","valueRequired":true,"valueName":"search_term_string"}}],"inLanguage":"en-US"}]}},"_links":{"self":[{"href":"https:\/\/eei-ks.org\/index.php?rest_route=\/wp\/v2\/pages\/95","targetHints":{"allow":["GET"]}}],"collection":[{"href":"https:\/\/eei-ks.org\/index.php?rest_route=\/wp\/v2\/pages"}],"about":[{"href":"https:\/\/eei-ks.org\/index.php?rest_route=\/wp\/v2\/types\/page"}],"author":[{"embeddable":true,"href":"https:\/\/eei-ks.org\/index.php?rest_route=\/wp\/v2\/users\/1"}],"replies":[{"embeddable":true,"href":"https:\/\/eei-ks.org\/index.php?rest_route=%2Fwp%2Fv2%2Fcomments&post=95"}],"version-history":[{"count":3,"href":"https:\/\/eei-ks.org\/index.php?rest_route=\/wp\/v2\/pages\/95\/revisions"}],"predecessor-version":[{"id":109,"href":"https:\/\/eei-ks.org\/index.php?rest_route=\/wp\/v2\/pages\/95\/revisions\/109"}],"wp:attachment":[{"href":"https:\/\/eei-ks.org\/index.php?rest_route=%2Fwp%2Fv2%2Fmedia&parent=95"}],"curies":[{"name":"wp","href":"https:\/\/api.w.org\/{rel}","templated":true}]}}